{"id":6315,"date":"2018-11-19T22:31:57","date_gmt":"2018-11-20T01:31:57","guid":{"rendered":"http:\/\/maistravessias.com.br\/site\/?page_id=6315"},"modified":"2018-11-19T22:33:28","modified_gmt":"2018-11-20T01:33:28","slug":"turismo","status":"publish","type":"page","link":"https:\/\/maistravessias.com.br\/site\/blog\/turismo\/","title":{"rendered":"Turismo Esportivo"},"content":{"rendered":"<p>[vc_row][vc_column]<div id=\"leap-blog-1\" class=\"blog-wrapper\">\n\t<style type=\"text\/css\" scoped>\n\t\t#leap-blog-1 .blog-rightleft-image .entry-header .default-featured-image, #leap-blog-1 .archive-rightleft-image .entry-header .default-featured-image, #leap-blog-1 .blog-rightleft-image .entry-header .featured-image, .archive-rightleft-image .entry-header .featured-image {\n\t\t\theight: 570px;\n\t\t}\n\t<\/style>\n\t<div class=\"entry-layout blog-grid\">            \n                            <div id=\"post-6328\" class=\"post-6328 post type-post status-publish format-standard hentry category-turismo-esportivo\">\n                    <div class=\"entry-wrapper\">\n                        <div class=\"entry-header\">\n                                                                                                                                                <div class=\"entry-info\">\n                                    \n                                    <h2 class=\"entry-title\"><a href=\"https:\/\/maistravessias.com.br\/site\/2018\/04\/reveza-10\/\" title=\"REVEZA 10\">REVEZA 10<\/a><\/h2>\n\n                                    <div class=\"entry-meta\"><small class=\"entry-author small\"><i class=\"fa fa-user\"><\/i> <a href=\"https:\/\/maistravessias.com.br\/site\/author\/maistravessias\/\" title=\"Ver todos os posts de Mais Travessias\">Mais Travessias<\/a><\/small> <small class=\"entry-date small\"><i class=\"fa fa-calendar\"><\/i> <a href=\"https:\/\/maistravessias.com.br\/site\/2018\/04\/reveza-10\/\">10 de abril de 2018<\/a><\/small><small class=\"entry-category small\"><i class=\"fa fa-align-left\"><\/i> <a href=\"https:\/\/maistravessias.com.br\/site\/category\/destaque\/turismo-esportivo\/\" rel=\"category tag\">Turismo Esportivo<\/a><\/small><small class=\"entry-comments small\"><i class=\"fa fa-comments\"><\/i> <a href=\"https:\/\/maistravessias.com.br\/site\/2018\/04\/reveza-10\/#respond\">0<\/a><\/small><\/div>\n                                <\/div>\n                                                    <\/div>\n\n                        <div class=\"entry-content\">\n\n                            \n                                                                                                                    <div class=\"post-content\">\n                                    <div style=\"text-align: center;\"><span style=\"color: #ff0000;\"><strong>Evento Encerrado<\/strong><\/span><\/div>\n<div id=\"ydp91f6bed2yiv8033905302yui_3_16_0_ym19_1_1491959667714_4159\" align=\"center\">\n<div><span id=\"leap-image-1\" class=\"leap-image  alignnone\" ><img class=\"\" src=\"https:\/\/2.bp.blogspot.com\/-bhVPt8zSheE\/Ws1YgW2MD9I\/AAAAAAAAPcc\/6mWp_Gb_1zEg38GENe4h88xjrSyqyX1BgCLcBGAs\/s640\/Slide1.JPG\" alt=\"\" style=\"border-width: 0px;border-style: solid;padding: 0px;\" ><\/span><\/div>\n<div><\/div>\n<div id=\"ydp91f6bed2yiv8033905302yui_3_16_0_ym19_1_1491959667714_4160\"><span id=\"ydp91f6bed2yiv8033905302yui_3_16_0_ym19_1_1491959667714_4161\">REVEZA 10 \u00e9 com o Mais Travessias:\u00a0<\/span><\/div>\n<div id=\"ydp91f6bed2yiv8033905302yui_3_16_0_ym19_1_1491959667714_4165\">\n<div id=\"ydp91f6bed2yiv8033905302yui_3_16_0_ym19_1_1491959667714_4166\"><span id=\"ydp91f6bed2yiv8033905302yui_3_16_0_ym19_1_1491959667714_4167\">\u00c9 Travessia e Festa do Ranking Grand Prix de Nata\u00e7\u00e3o.<\/span><\/div>\n<\/div>\n<div id=\"ydp91f6bed2yiv8033905302yui_3_16_0_ym19_1_1491959667714_4172\">\n<div id=\"ydp91f6bed2yiv8033905302yui_3_16_0_ym19_1_1491959667714_4173\"><span id=\"ydp91f6bed2yiv8033905302yui_3_16_0_ym19_1_1491959667714_4174\">\u00a0Venha com o Mais Travessias (9\u00aa Temporada)!!!<\/span><\/div>\n<\/div>\n<\/div>\n<div id=\"ydp91f6bed2yiv8033905302yui_3_16_0_ym19_1_1491959667714_4175\" align=\"center\">\n<div id=\"ydp91f6bed2yiv8033905302yui_3_16_0_ym19_1_1491959667714_4176\"><span id=\"ydp91f6bed2yiv8033905302yui_3_16_0_ym19_1_1491959667714_4177\">\u00a0<\/span><\/div>\n<\/div>\n<div id=\"ydp91f6bed2yiv8033905302yui_3_16_0_ym19_1_1491959667714_4179\" align=\"center\">\n<div id=\"ydp91f6bed2yiv8033905302yui_3_16_0_ym19_1_1491959667714_4180\"><span id=\"ydp91f6bed2yiv8033905302yui_3_16_0_ym19_1_1491959667714_4181\">Todos os atletas, os acompanhantes, as escolas e os clubes convidados!!!<\/span><\/div>\n<\/div>\n                                <\/div>\n                                                        \n                            \n                        <\/div>\n\n                        <div class=\"entry-footer\">\n                            \t<div class=\"leap-share-buttons\">\r\n\t\t<div class=\"pull-left\">Compartilhe Isso<\/div>\r\n\t\t<div class=\"pull-right\">\r\n\t\t\t<a data-toggle=\"tooltip\" data-placement=\"top\" href=\"https:\/\/www.facebook.com\/sharer\/sharer.php?u=https%3A%2F%2Fmaistravessias.com.br%2Fsite%2F2018%2F04%2Freveza-10%2F\" title=\"Facebook\"><i class=\"fa fa-facebook\"><\/i><\/a><a data-toggle=\"tooltip\" data-placement=\"top\" href=\"mailto:?Subject=REVEZA+10&amp;Body=I%20saw%20this%20and%20thought%20of%20you!%20https%3A%2F%2Fmaistravessias.com.br%2Fsite%2F2018%2F04%2Freveza-10%2F\" title=\"E-mail\" ><i class=\"fa fa-envelope\"><\/i><\/a><a data-toggle=\"tooltip\" data-placement=\"top\" href=\"http:\/\/twitter.com\/share?text=REVEZA+10&amp;url=https%3A%2F%2Fmaistravessias.com.br%2Fsite%2F2018%2F04%2Freveza-10%2F\" title=\"Twitter\"><i class=\"fa fa-twitter\"><\/i><\/a>\t\t<\/div>\r\n\t<\/div>\r\n                        <\/div> \n                    <\/div>\n                <\/div>\n            \n\n\n\n\n\n            <\/div><\/div>[\/vc_column][\/vc_row]<\/p>\n","protected":false},"excerpt":{"rendered":"<p>[vc_row][vc_column][\/vc_column][\/vc_row]<\/p>\n","protected":false},"author":1,"featured_media":0,"parent":3373,"menu_order":0,"comment_status":"closed","ping_status":"closed","template":"","meta":[],"_links":{"self":[{"href":"https:\/\/maistravessias.com.br\/site\/wp-json\/wp\/v2\/pages\/6315"}],"collection":[{"href":"https:\/\/maistravessias.com.br\/site\/wp-json\/wp\/v2\/pages"}],"about":[{"href":"https:\/\/maistravessias.com.br\/site\/wp-json\/wp\/v2\/types\/page"}],"author":[{"embeddable":true,"href":"https:\/\/maistravessias.com.br\/site\/wp-json\/wp\/v2\/users\/1"}],"replies":[{"embeddable":true,"href":"https:\/\/maistravessias.com.br\/site\/wp-json\/wp\/v2\/comments?post=6315"}],"version-history":[{"count":2,"href":"https:\/\/maistravessias.com.br\/site\/wp-json\/wp\/v2\/pages\/6315\/revisions"}],"predecessor-version":[{"id":6317,"href":"https:\/\/maistravessias.com.br\/site\/wp-json\/wp\/v2\/pages\/6315\/revisions\/6317"}],"up":[{"embeddable":true,"href":"https:\/\/maistravessias.com.br\/site\/wp-json\/wp\/v2\/pages\/3373"}],"wp:attachment":[{"href":"https:\/\/maistravessias.com.br\/site\/wp-json\/wp\/v2\/media?parent=6315"}],"curies":[{"name":"wp","href":"https:\/\/api.w.org\/{rel}","templated":true}]}}